 is 4 + 3 + -3 - (-7 + 19)?
-8
What is (2 + 1 - (-4 + 6)) + -4?
-3
Evaluate 5 + 3 + (1 - (15 - 0)).
-6
What is the value of (0 - -4) + (-14 - -14)?
4
What is 1 - (-6 + 14 + -3)?
-4
What is -1 + -2 - (4 - (5 - 2))?
-4
What is -3 + 6 - (0 - (0 - 6))?
-3
1 + -12 - (-2 + -2 - 1)
-6
-116 + 114 + -1 + (11 - 1)
7
What is 7 - (6 + -3) - 0?
4
Evaluate 4 - (1 + -2 - (1 + -2)).
4
Evaluate (4 - 2) + -2 + 0 + 4.
4
Evaluate -3 + 11 + -6 + (-2 - -5).
5
What is the value of (-3 + 5 - 0) + 0?
2
What is -7 - (9 - (24 - 13))?
-5
Calculate -8 - -1 - -5 - (-10 + 2).
6
What is (-1 - 8) + 12 - 10?
-7
Calculate 3 + 0 + (-9 - -6).
0
What is 1 + 0 + 6 - (0 + 6)?
1
Evaluate -6 + 1 - (-7 + 5 + 5).
-8
What is the value of 5 - -1 - 2 - (6 + 2)?
-4
What is -18 - -11 - (0 - (-2 + 2))?
-7
Evaluate (2 - (0 + 2)) + 1 + 3.
4
What is -2 - (5 + (3 - 9))?
-1
What is the value of 0 + 1 + 2 + (-5 - -1)?
-1
Calculate (2 - (4 - 2)) + -4.
-4
Evaluate -5 - (-5 - -2 - (1 - 2)).
-3
Evaluate 5 + (-6 + 2 - (-1 + 0)).
2
-9 + (-4 - -11) + -4
-6
(2 - (1 + -2)) + -6
-3
-1 + ((1 - -3) + -7 - 0)
-4
Evaluate -3 - -9 - 10 - -4.
0
What is (0 - (0 - 12 - -7)) + 3?
8
Calculate -7 + 4 + 6 + 4 + -1.
6
What is 1 - -2 - (0 - (1 - 3))?
1
Evaluate 2 + 5 - 4 - (-3 + 1).
5
What is 4 + -12 - (-3 - 0)?
-5
What is 10 + 0 + -4 - 2?
4
What is 73 - 78 - (2 + -4 - -2)?
-5
-4 - (7 + -9 + -1)
-1
What is the value of 0 - (3 - (2 + -2)) - -2?
-1
-3 - (-3 - (-3 + (2 - 1)))
-2
0 + 0 + (11 - 10) + -1
0
What is the value of -9 + 4 + -11 + 9?
-7
Calculate -3 + 0 - (-2 - -1 - -1).
-3
What is the value of -15 - 1 - (-11 + 3)?
-8
What is -9 + 9 + 4 + -1 + 2?
5
-1 + (3 - (0 + -2))
4
What is the value of (5 - (0 - -4)) + 0?
1
-2 - (-7 + 1) - (-2 - -2)
4
What is 3 - 1 - -4 - 8?
-2
Calculate 1 + -7 + (-32 - -32).
-6
-3 - 0 - (4 - (4 - 6))
-9
Calculate 3 - 9 - (2 - (-5 - -5)).
-8
Evaluate -11 + 8 - (-8 - 0).
5
Calculate -1 - (3 - 11) - 8.
-1
What is 1 + 1 + -27 + 22?
-3
What is -5 + 3 + (-5 - -11) + -9?
-5
What is -2 + 3 + 1 - (-74 - -77)?
-1
What is the value of (-2 - ((-2 - -1) + -6)) + 1?
6
6 + 5 + -9 + -2
0
Calculate (-9 - -5 - -5) + -1 - 5.
-5
(-2 - -3 - 10) + 11
2
(-1 - 3) + -5 + -19 + 33
5
Evaluate -4 - ((-4 - -1) + 4 + 1).
-6
Evaluate 6 + -8 - ((3 - 3) + 0).
-2
Calculate -104 - -118 - (0 - -10).
4
(-3 - -6) + (30 - 37)
-4
What is the value of 0 - (6 + -4 - 4)?
2
-7 + 7 - 3 - (-6 - 0)
3
Calculate -5 - (-3 - 0) - 0.
-2
-6 + (9 - -3) + -14
-8
-1 - (2 + (-7 - -5)) - -9
8
Calculate 6 + -5 - (0 - 2) - 2.
1
Calculate -3 - (0 + 3 + -3 + 2).
-5
Evaluate (-7 - -4 - 0) + 1.
-2
Calculate (1 - 5) + (8 - 7) + -1.
-4
What is (-2 - 1) + 9 - 9?
-3
Calculate 2 + 3 + (-3 - -1 - 1).
2
What is 4 + (-5 - -8 - (-1 + 4))?
4
Evaluate (-2 + -1 - (-4 + 4)) + 2.
-1
What is -1 - (2 + -9) - (-11 + 12)?
5
Calculate -1 - -5 - 2 - -3.
5
Calculate (-4 - (2 - (-5 + 17))) + -2.
4
Calculate -7 + -2 + 1 + 6.
-2
Calculate -4 + (-9 - (-5 - 3)).
-5
Evaluate 0 + (-10 - (-1 + -4) - -4).
-1
What is 0 - (1 - 2 - -6)?
-5
Evaluate (-5 - (1 - 8)) + -7.
-5
What is the value of 8 + -18 + 3 + 2?
-5
Calculate (-1 - -1) + (-10 - -13).
3
What is the value of -3 + 4 + 5 - (6 + 0)?
0
Evaluate 7 + 2 + 4 + -11.
2
Evaluate 13 + 1 + -11 + -9.
-6
14 + (-7 - -3) + 1
11
Evaluate -2 - ((-5 - -1 - -3) + -2).
1
0 - 1 - 2 - -4
1
What is the value of (0 - 3) + (4 - 8) + 3?
-4
Calculate 3 - (-10 + (13 - -7)).
-7
Calculate (2 + -9 - -4) + -1.
-4
4 + 0 + 0 + -5
-1
Calculate 1 + -14 + (-113 - -124).
-2
What is the value of -4 + -1 - -1 - (-37 - -34)?
-1
-6 + (-3 - -5) - -8
4
Evaluate -1 + -5 + 5 + 0.
-1
2 + -3 + (-14 - -14)
-1
Evaluate 7 - (6 - -14 - 12).
-1
What is (3 + -4 - -1) + 9 + -15?
-6
Calculate 2 - (7 - 3 - (-4 + 4)).
-2
What is -1 + (-3 - -2 - -5)?
3
Calculate (2 - -3) + -5 + -3.
-3
Calculate -14 + (5 - (-10 + 6)).
-5
What is (-3 + (-5 - -5) - 1) + 11?
7
What is the value of 1 - (-3 + -2) - (3 - 2)?
5
What is the value of (-3 - (-5 + 1)) + 7?
8
Calculate -1 - -4 - 5 - (0 - 1).
-1
What is the value of 1 - (1 - ((-2 - 1) + 3))?
0
What is (-153 - -167) + (-1 - 15)?
-2
Calculate -7 - (-4 + -7) - 11.
-7
Evaluate (-3 - -7) + -3 + (-1 - -2).
2
What is 5 - 11 - (-8 + 2)?
0
Evaluate 12 + (-11 - -7) - 16.
-8
0 + -1 - (0 - 5)
4
What is the value of (11 - 3) + 2 - (0 + 3)?
7
What is the value of 6 + (-2 - 2) + (2 - 5)?
-1
What is -5 + (-12 - -12) + 1 + 8?
4
What is -6 + 9 - ((2 - 2) + 1)?
2
7 - (-2 + 7 + -2)
4
Evaluate 34 - 27 - (1 + 0).
6
-5 + 6 - 0 - -5
6
Evaluate 8 + (-5 - 6) - (-1 - 0).
-2
What is (-1 - 2) + 6 + -3 + 4?
4
Calculate (14 - (3 - -11)) + (3 - 1).
2
Evaluate -5 - ((-11 - -6) + 7).
-7
What is the value of -5 - (1 + -5 - 5)?
4
Calculate -4 - (-14 + (0 - -5)).
5
Evaluate 6 + (1 - (-1 - -5)).
3
1 + (-2 + -3 - 2 - -5)
-1
Calculate 3 - (4 + 0 + -6).
5
3 + (-1 - -4 - 5)
1
(-1 - 5) + 2 + 0 - -5
1
Calculate 7 - (0 - (-1 - 5)).
1
Evaluate -7 + 9 - (11 - 8).
-1
What is the value of 0 - ((-1 - 2 - -2) + 0)?
1
Calculate 4 - (15 + -11) - 7.
-7
Calculate 3 + (3 - -14 - (2 - -7)).
11
Evaluate 5 + 5 + (-8 - -8) + -3.
7
What is 3 - 2 - (0 - 0 - 5)?
6
What is the value of -4 + 6 + 2 - 1?
3
What is -103 + 104 - (0 + 9)?
-8
5 - 1 - (0 - -5)
-1
What is the value of 1 + (-2 - -1 - 3) + 6?
3
Evaluate (-4 - 2) + 2 - (-4 - -1).
-1
What is the value of (-2 - -6) + 6 + -3 + -3?
4
Calculate -4 - (-9 + 9 - (-4 - -9)).
1
What is 12 + -21 + 2 + 1 + 2?
-4
Calculate -14 + -1 + 9 + (0 - -6).
0
Evaluate 2 + 2 - (8 - (-2 - -9)).
3
Calculate -2 + 3 + 1 + 4 + -7.
-1
-6 + 6 - 5 - -7
2
What is 22 - 17 - (1 - -4)?
0
Evaluate 1 + 3 - (-66 + 66).
4
Calculate -3 + (4 - 1 - (0 - 3)).
3
What is (-8 - (-16 - -1)) + 1 + -12?
-4
Evaluate 1 + -2 + 2 - (6 - 0).
-5
What is 2 - -7 - -3 - (15 - 9)?
6
What is -4 + (5 - 3) - -4?
2
-4 + -5 + 8 + (8 - 11)
-4
Calculate -5 + 4 + -3 + 2.
-2
What is the value of -2 - (3 + 1 + -1)?
-5
What is -3 + (1 - 1) + 4 + 6?
7
Calculate (28 - 22) + -9 + 1.
-2
(1 + 4 - 2) + 0 - 1
2
Calculate -6 - (7 + -12) - 3.
-4
(9 - 10) + (2 - 1) - -3
3
What is 0 + (-11 - (-4 + -4)) + 1?
-2
4 + -4 + 3 - (-2 - -5)
0
What is the value of 1 + -6 + (10 - (5 - -2))?
-2
Evaluate 0 - (-1 - (-4 + 2 + -2)).
-3
Calculate -16 + 11 + (-2 - (-1 - 5)).
-1
What is 1 - -1 - (2 + 5 + -4)?
-1
Evaluate -1 + 2 - (-2 - (-14 + 5)).
-6
What is the value of 34 + -36 - (1 - 0)?
-3
Calculate -22 + 24 - (-1 - (-9 + 1)).
-5
Calculate (2 - 2) + (-6 - -6).
0
Evaluate (-3 - 8) + 11 + 1.
1
Evaluate 46 + -48 - ((-1 - 9) + 3).
5
What is -4 + (7 - (-3 - -2)) + -5?
-1
12 - 4 - (0 + -2 + 5)
5
What is the value of 0 + (-3 + 0 - -7) - 7?
-3
What is the value of 2 + 6 + (-6 - -6)?
8
What is the value of -1 - -4 - 5 - (14 - 19)?
3
Calculate (2 - 1) + (5 + 2 - 3).
5
What is -3 + 11 + (1 - -1) + -6?
4
7 + -6 + -1 + (4 - 4)
0
What is 1 + 3 - (4 - 5)?
5
What is the value of -8 + (-1 + 4 - (-3 - -3))?
-5
Calculate -2 + 0 + 3 + -7 + 10.
4
What is the value of -3 - (4 + (1 - 4) - 3)?
-1
Evaluate (10 - 11) + 4 + 0.
3
Evaluate 11 + (-9 - 2 - 5).
-5
-1 + 0 + 7 + -2 + 1
5
Evaluate 0 - (0 - (3 - 6)).
-3
Evaluate -5 - (9 + -6 + -4).
-4
What is (2 - 9) + (7 - 5) + 11?
6
What is the value of -1 + 0 + 5 + -1 + 2?
5
-12 + 22 + -9 - -6
7
Calculate 24 + -2 + -9 + -12.
1
What is the value of 0 - (2 + (-4 - 1))?
3
What is -1 + -4 - -10 - (12 + -13)?
6
Evaluate (-4 - 4) + 4 + 4 - -4.
4
What is the value of (-4 - -8) + (1 - 2 - 7)?
-4
What is the value of (4 - 1) + 92 + -94?
1
-2 + 5 + 4 + -6
1
Calculate 14 + -16 - (-1 - 1).
0
Evaluate -1 - 4 - (-73 + 61).
7
Evaluate -3 + (-1 - -1) + 14 + -11.
0
0 - 13 - -12 - 8
-9
-9 + 2 + (6 - 4)
-5
Calculate -4 + -4 + (-5 - -12) + 1.
0
Calculate -4 - (-1 + (-6 - -1) + 5).
-3
Evaluate 0 + -1 - (-127 - -133).
-7
Evaluate -3 + -1 - (-9 - -1) - 0.
4
Evaluate 12 - (2 - -8 - 0).
2
What is 10 - 1 - (16 + -11)?
4
-3 + 7 - -2 - (1 - 0)
5
What is the value of (5 + -1 + -3 - 6) + 6?
1
What is 4 + 1 + -9 + 4 + 2?
2
Calculate 3 - 2 - 4 - (-7 + 3).
1
What is the value of (2 - (8 - 2)) + 11?
7
What is -4 + 4 + -5 - -9?
4
9 - (4 + -5) - (-3 - -9)
4
What is -1 + 5 + (-1 - 5)?
-2
-3 + 6 + (7 - 3) - 2
5
What is the value of 3 - (5 + (-6 - -4) + -2)?
2
Calculate 10 + -4 - (-2 - -5).
3
-235 + 231 + 5 + -1 + 0
0
What is the value of -1 - (10 + -1 + (21 - 25))?
-6
-1 + 2 + (-6 - (-4 - -1))
-2
What is (0 - ((-2 - -3) + -4)) + -3?
0
What is the value of 1 + 2 + (-14 